ided by 4675?
38
Calculate the remainder when 1019509 is divided by 22150.
609
What is the remainder when 567662 is divided by 11181?
8612
Calculate the remainder when 4403387 is divided by 1951.
1931
What is the remainder when 21983940 is divided by 11775?
15
What is the remainder when 39861256 is divided by 21794?
30
What is the remainder when 97299 is divided by 47797?
1705
Calculate the remainder when 49451354 is divided by 61.
57
Calculate the remainder when 42181918 is divided by 27.
7
Calculate the remainder when 1220240 is divided by 157.
36
What is the remainder when 340948 is divided by 112310?
4018
What is the remainder when 28878 is divided by 2070?
1968
Calculate the remainder when 14041763 is divided by 412989.
137
Calculate the remainder when 5923559 is divided by 2961757.
45
Calculate the remainder when 249815 is divided by 404.
143
What is the remainder when 151327 is divided by 977?
869
Calculate the remainder when 213310 is divided by 4361.
3982
Calculate the remainder when 494659 is divided by 3016.
35
What is the remainder when 33605099 is divided by 993?
986
What is the remainder when 15087 is divided by 844?
739
What is the remainder when 41397125 is divided by 106?
97
Calculate the remainder when 4302471 is divided by 336.
327
Calculate the remainder when 874768 is divided by 23.
9
Calculate the remainder when 23166644 is divided by 65.
59
Calculate the remainder when 1304223 is divided by 434666.
225
Calculate the remainder when 313029 is divided by 11505.
2394
Calculate the remainder when 100138 is divided by 33379.
1
Calculate the remainder when 21340 is divided by 965.
110
Calculate the remainder when 314725 is divided by 5786.
2281
Calculate the remainder when 56921 is divided by 1967.
1845
What is the remainder when 78093216 is divided by 45?
36
Calculate the remainder when 6195076 is divided by 6195029.
47
What is the remainder when 146316 is divided by 9725?
441
Calculate the remainder when 40468 is divided by 40411.
57
Calculate the remainder when 74903204 is divided by 1843.
1841
Calculate the remainder when 338113 is divided by 13004.
9
Calculate the remainder when 2690440 is divided by 538009.
395
What is the remainder when 717644 is divided by 254?
94
What is the remainder when 4956847 is divided by 1477?
35
What is the remainder when 4920224 is divided by 289?
288
Calculate the remainder when 101915482 is divided by 401242.
14
What is the remainder when 15532668 is divided by 5177549?
21
Calculate the remainder when 259065 is divided by 375.
315
What is the remainder when 979185 is divided by 252?
165
Calculate the remainder when 30132 is divided by 6744.
3156
What is the remainder when 60916385 is divided by 2522?
2519
Calculate the remainder when 472731 is divided by 3581.
39
What is the remainder when 36382 is divided by 31433?
4949
What is the remainder when 2091543 is divided by 198?
69
Calculate the remainder when 1504797 is divided by 100.
97
Calculate the remainder when 290526 is divided by 145255.
16
What is the remainder when 5133085 is divided by 3386?
3295
What is the remainder when 32091 is divided by 30844?
1247
What is the remainder when 66658 is divided by 3842?
1344
What is the remainder when 76415133 is divided by 93?
9
Calculate the remainder when 11793982 is divided by 2014.
2012
Calculate the remainder when 12660477 is divided by 414.
357
What is the remainder when 9251700 is divided by 154?
150
Calculate the remainder when 15584729 is divided by 361.
359
What is the remainder when 184058676 is divided by 10646?
10628
What is the remainder when 3836714 is divided by 482?
476
Calculate the remainder when 8861422 is divided by 143.
141
Calculate the remainder when 1317677 is divided by 146168.
2165
What is the remainder when 2922558 is divided by 88?
78
What is the remainder when 55729 is divided by 154?
135
Calculate the remainder when 7813572 is divided by 369.
366
Calculate the remainder when 132764306 is divided by 546.
38
What is the remainder when 299430 is divided by 1144?
846
What is the remainder when 232168293 is divided by 1242?
1233
Calculate the remainder when 201293 is divided by 368.
365
What is the remainder when 665330 is divided by 263?
203
What is the remainder when 55840887 is divided by 42?
39
Calculate the remainder when 636634 is divided by 570.
514
What is the remainder when 1326570 is divided by 189482?
196
Calculate the remainder when 11662841 is divided by 522.
317
What is the remainder when 65482079 is divided by 599?
597
What is the remainder when 20859003 is divided by 1226999?
20
Calculate the remainder when 13282 is divided by 3302.
74
Calculate the remainder when 11637413 is divided by 304.
293
Calculate the remainder when 211016 is divided by 15012.
848
What is the remainder when 441304 is divided by 220462?
380
Calculate the remainder when 13202647 is divided by 258875.
22
What is the remainder when 1754342 is divided by 350840?
142
What is the remainder when 525650 is divided by 279?
14
What is the remainder when 197797553 is divided by 6116?
6113
Calculate the remainder when 884030 is divided by 63129.
224
What is the remainder when 24659 is divided by 8201?
56
What is the remainder when 647310 is divided by 3358?
2574
Calculate the remainder when 762231 is divided by 762222.
9
What is the remainder when 13305722 is divided by 42?
38
Calculate the remainder when 263055 is divided by 148.
59
What is the remainder when 12657 is divided by 11948?
709
Calculate the remainder when 275589 is divided by 27527.
319
What is the remainder when 5171343 is divided by 203?
121
What is the remainder when 354902 is divided by 91?
2
What is the remainder when 2296609 is divided by 8261?
51
Calculate the remainder when 783984 is divided by 1496.
80
Calculate the remainder when 7710475 is divided by 4801.
69
What is the remainder when 2949008 is divided by 2723?
2722
Calculate the remainder when 1682198 is divided by 1490.
1478
Calculate the remainder when 82811497 is divided by 38.
35
Calculate the remainder when 118731860 is divided by 20.
0
Calculate the remainder when 3295970 is divided by 82399.
10
What is the remainder when 474386478 is divided by 20?
18
Calculate the remainder when 20460 is divided by 8488.
3484
Calculate the remainder when 660193 is divided by 985.
243
What is the remainder when 1398586 is divided by 12487?
42
What is the remainder when 632314 is divided by 2046?
100
What is the remainder when 29316184 is divided by 48779?
5
Calculate the remainder when 1627149 is divided by 1516.
481
What is the remainder when 213471 is divided by 213463?
8
Calculate the remainder when 751916 is divided by 46994.
12
What is the remainder when 157722 is divided by 2102?
72
Calculate the remainder when 588087 is divided by 17805.
522
Calculate the remainder when 96584 is divided by 782.
398
What is the remainder when 1215413 is divided by 213?
35
Calculate the remainder when 51113100 is divided by 57.
3
Calculate the remainder when 117001 is divided by 81.
37
Calculate the remainder when 576156 is divided by 57612.
36
What is the remainder when 4489059 is divided by 2487?
24
Calculate the remainder when 604711 is divided by 45.
1
Calculate the remainder when 169444 is divided by 1406.
724
What is the remainder when 2568905 is divided by 4177?
50
Calculate the remainder when 391977838 is divided by 6321.
6307
Calculate the remainder when 3775530 is divided by 1887629.
272
Calculate the remainder when 4817179 is divided by 1214.
27
Calculate the remainder when 1860433 is divided by 38.
29
Calculate the remainder when 838996 is divided by 3848.
132
Calculate the remainder when 45412 is divided by 2062.
48
What is the remainder when 197846 is divided by 8662?
7282
What is the remainder when 2387827 is divided by 6186?
31
What is the remainder when 377159386 is divided by 439?
438
What is the remainder when 201672 is divided by 67072?
456
What is the remainder when 192774 is divided by 612?
606
Calculate the remainder when 50326 is divided by 1183.
640
What is the remainder when 1097949 is divided by 842?
823
What is the remainder when 1915499 is divided by 76?
71
What is the remainder when 5747715 is divided by 107?
103
What is the remainder when 169747 is divi